, 5
Let p(s) = -s**3 - 32*s**2 + 38*s - 66. List the prime factors of p(-35).
43, 53
Suppose -4*w + 2 = -2, 322 = 4*k + 2*w. What are the prime factors of k?
2, 5
List the prime factors of 87789/507 - 2/13.
173
Let t(a) = a**2 - 3*a. Suppose -5*w = -32 + 12. Let g be t(w). Suppose -2*s - 3*s + 244 = g*o, 2*o + 3*s = 120. What are the prime factors of o?
2, 3, 11
Let b(p) = 10*p**2 + 44*p + 47. List the prime factors of b(-12).
7, 137
Let z be ((-4)/8)/((-3)/(-378)). Let a = 148 + z. List the prime factors of a.
5, 17
Let h(y) be the first derivative of -y**7/840 + y**6/360 + 9*y**4/8 - 2*y**3 - 6. Let p(q) be the third derivative of h(q). What are the prime factors of p(0)?
3
Let f = 4444 - 2321. What are the prime factors of f?
11, 193
Let v(n) = -n - 23. Let o be v(-7). List the prime factors of (-4 - -8)*o/(-2).
2
Suppose -10*j = -27*j + 5729. What are the prime factors of j?
337
What are the prime factors of 34/(2 - (-266)/(-134))?
2, 17, 67
Suppose j + 5*d - 1410 - 2117 = 0, 2*d + 14108 = 4*j. What are the prime factors of j?
3527
Let c(a) = 47*a + 15. Let d be c(5). Suppose -2*f - 5*u + d = 0, 0 = -5*f - u - 173 + 844. What are the prime factors of f?
3, 5
Suppose -9469 = -15*c + 24326. List the prime factors of c.
3, 751
Let f(a) = -a**3 - 21*a**2 + 52*a + 51. List the prime factors of f(-27).
3, 19, 53
Let h(w) = -w**3 - 9*w**2 + 2*w + 14. Suppose -x = -7*x - 60. What are the prime factors of h(x)?
2, 47
Let r be ((-9)/(-4))/((-3)/(-8)). What are the prime factors of -3*2*((-22)/r - 3)?
2, 5
What are the prime factors of 46/(-138)*2166/(-2)?
19
Let j(d) = 5089*d**2 + 4*d - 2. What are the prime factors of j(1)?
3, 1697
Suppose -21*a + 75779 = 24602. List the prime factors of a.
2437
Let x(g) be the second derivative of -g**4/12 + g**3/6 + 5*g. Let o be x(1). What are the prime factors of o - (-11 - (-2)/2)?
2, 5
Let g be ((-7120)/60)/(1*4/(-6)). Suppose 34 = -4*r + g. List the prime factors of r.
2, 3
Let o = -2073 - -3549. List the prime factors of o.
2, 3, 41
Suppose p + 23 = -2*b + 2*p, -3*b - 31 = -5*p. Suppose 6*j + 104 = 2*j. Let r = b - j. What are the prime factors of r?
2, 7
Let j(t) = -10*t + 3. Let y be j(2). Let a = 1 - y. List the prime factors of (a/(-8))/(5/(-20)).
3
Suppose 6 = -113*p + 115*p. Suppose -5*o + 5*q + 735 = 0, p*o = q + 4*q + 433. What are the prime factors of o?
151
Let z = -1 - -100. List the prime factors of z.
3, 11
Let h be ((-13286)/39 - 2/(-3))/(-1). Suppose -2*f = -4*u + h, u - 2*f = -5*f + 71. What are the prime factors of u?
83
Suppose 3*m - 4*k - 25 = 0, -4 = -5*k - 9. Let r(n) be the first derivative of 3*n**2 - 17*n - 1. List the prime factors of r(m).
5
Let o = 1781 + -580. What are the prime factors of o?
1201
Let f(s) = -s - 7. Let j be f(-9). Suppose -o + 53 = -j*o. Let n = o + 82. What are the prime factors of n?
29
Suppose 2*o + y = 246, -o + y = -160 + 40. List the prime factors of o.
2, 61
Suppose 0 = -5*v - 2*g + 52, -v + 2*g - 32 = -4*v. Let k = -5 + v. Suppose 4*u = -4*t + 128, 0*t - k*u + 104 = 3*t. What are the prime factors of t?
2, 7
Let h(d) = 16*d**2 + 22*d + 2. List the prime factors of h(-8).
2, 5, 17
Suppose -h - 15 = -5*u - 1, -3*u - h = -2. List the prime factors of (-2 - 0)*u/(-4) + 37.
2, 19
Suppose -i - 26 = -3*i. Let y = -9 + i. Suppose -100 = -4*a + y*n, 4*n = 5*n + 3. List the prime factors of a.
2, 11
Let c = -305 + 312. Let k(b) be the second derivative of -b**5/20 + 2*b**4/3 - b**3/6 + b**2 + b. What are the prime factors of k(c)?
2, 11
Let j(d) = d**2 + 7*d - 9. Let o be j(-10). Suppose o = -2*k - 1. Let h = k - -50. What are the prime factors of h?
3, 13
Suppose -269 = c + 4*c + 4*o, 16 = 4*o. Let u = c - -98. What are the prime factors of u?
41
Let d = -399 - -1456. List the prime factors of d.
7, 151
Let b be (-13)/91 - ((-212)/14 + -1). Suppose 145 = 5*n - 5*c, -5*n + 2*c + 230 = 97. Let f = b + n. What are the prime factors of f?
41
Suppose 0 = -5*x + 7*x + 44. Let c = x + 25. Let k(y) = 8*y**2 - y - 2. List the prime factors of k(c).
67
Let g(i) = 18*i**2 + 4*i - 8. What are the prime factors of g(-7)?
2, 3, 47
Let i(d) = d**3 + 3*d**2 - d + 4. Let s be i(-4). List the prime factors of s + 5 + 70 + 4.
71
Let c(o) = -o**3 + 17*o**2 - 9*o + 12. Let s be c(8). What are the prime factors of (-6)/(-4)*s/9*1?
2, 43
Suppose 0 = 2*z - i - 5911, -40*i - 15 = -45*i. List the prime factors of z.
2957
Let w = -1120 + 2984. What are the prime factors of w?
2, 233
Let u = -33 - -88. Let i = 92 - u. List the prime factors of i.
37
Let n = -21 - -24. Suppose -3*k = 15, -2*c + n*k = 4*k - 135. What are the prime factors of c?
2, 5, 7
Suppose -2*d - 4*l = -144, 3*d + l - 72 = 2*d. Let q be (d/(-14))/(1/14). Let m = q + 109. List the prime factors of m.
37
Suppose -4*m = -4, -d = 4*d + m - 6991. Suppose -4*q + 4*h + 1126 = h, 5*q = -h + d. List the prime factors of q.
2, 5, 7
Let r(o) = -o**2 - 8*o + 37. Let z be r(-12). What are the prime factors of (-2)/((-8)/198)*(z - -13)?
3, 11
Let q be (-2)/4*6/(-3). Let o be 1 + 135 - (-1 + q). Let c = -79 + o. List the prime factors of c.
3, 19
Let c be -1 - (3 + -5) - -1. Suppose a - 4 = 4*f, -a - c*a + 12 = f. Suppose f*k - k + 11 = 3*x, 5*x + 10 = 0. What are the prime factors of k?
17
Let h be 3/((-9)/48*-4). Suppose -4*q = -0*q - 2*g - 2, 4*q - 4*g = h. Suppose q = -3*z + 4*z - 72. What are the prime factors of z?
2, 3
Let s(p) = 2*p**2 + 4*p - 5. What are the prime factors of s(12)?
331
Let i = -50 - -54. Suppose v + u = -0*v + 9, v + i*u = 0. What are the prime factors of v?
2, 3
Let y(u) = 2*u**3 + 5*u**2 - 137*u + 16. List the prime factors of y(8).
2, 3, 11
Suppose o + 2 = -3*v, 5*v + o - 2 = -6. What are the prime factors of 198/8 + v*(-1)/4?
5
Let v = -254 - -468. What are the prime factors of v?
2, 107
Let o = -9 - -15. Suppose 0 = -x + o*x - 20. Suppose m + 3*h = -5, -3*m - 2*m + x*h = -70. List the prime factors of m.
2, 5
Let d(i) be the third derivative of i**6/120 - i**5/10 + i**4/8 - 4*i**2. Let y be d(4). Let w = 49 + y. List the prime factors of w.
29
Suppose 3*j = -4*g + 9139, 3*j + g - 4794 - 4333 = 0. What are the prime factors of j?
3041
Let y(x) = x**2 - 2*x - 1. Let p be y(3). Suppose -p*f - 80 = -6*f. What are the prime factors of (1 + 1)*(2 + f)?
2, 11
Suppose -15*o + 12*o + 54 = 0. What are the prime factors of ((-78)/o)/(3/(-171))?
13, 19
Let i(o) = -o**2 - 3*o - 3. Let m be i(-3). Let g be (0/(-1))/(2 + m). Suppose -2*s + 0*s + 18 = g. What are the prime factors of s?
3
Suppose -l - 11 = -6, 2*x - l - 725 = 0. What are the prime factors of x?
2, 3, 5
Suppose -2*t + 56 = -2*j, -3*j = -5*t - 4*j + 122. Let b be 15/t + (-6)/10. Suppose 3*c + 63 = 3*d, b = 4*d + 2*c - 74 - 34. What are the prime factors of d?
5
Suppose -5*c = -127 + 347. Let l = -25 - c. Suppose -2*b - l = -t, 7 = -3*b - 8. List the prime factors of t.
3
Let q(u) = u**3 + 7*u**2 - 8*u + 5. Suppose -i = -3*f + 2, 2*i + 4*f + 18 = -6. Let v be q(i). Suppose v*o - 9 = 4*o. List the prime factors of o.
3
Let y(g) = 29*g**3 - 3*g**2 - 4*g - 3. Let p be y(-2). Let v = -77 - p. List the prime factors of v.
2, 3
List the prime factors of (3 + -2)*(-25 - -358).
3, 37
Let x(n) = -n**3 + 9*n**2 - 6*n - 2. Let o be x(6). Let f = -146 + o. List the prime factors of (f/6)/(6/(-9)).
19
Suppose -139 = 3*o - 688. What are the prime factors of o?
3, 61
Suppose 14*q = -3309 + 19367. List the prime factors of q.
31, 37
Let t(v) = v**3 + 4*v**2 - 36*v - 116. Let p be t(-4). Let w = -3 + 5. Suppose 0 = w*j - 26 - p. What are the prime factors of j?
3
Let l(r) = 38*r**2 + 32*r + 3. List the prime factors of l(9).
3, 1123
Let q(m) = 170*m + 19. List the prime factors of q(7).
3, 13, 31
Suppose 120 = -2*w + 5*l, 5*w - l = 2*l - 319. Let u = 12 + w. Let s = 75 + u. List the prime factors of s.
2, 11
Suppose -5*o + 33 = 6*o. Suppose -6*c + o*c = -141. What are the prime factors of c?
47
List the prime factors of (-440)/(-3) - (-23)/69.
3, 7
Suppose -5*y + 29 = -4*z, 5*z + 20 = 5*y - 5. List the prime factors of y.
3
Let o be 25*(10/6 - (-22)/(-33)). Let z = o + 40. What are the prime factors of z?
5, 13
Let j(p) = p**2 + 24*p + 287. List the prime factors of j(33).
2, 271
What are the prime factors of 1010*10/25 - (-4)/(-2)?
2, 3, 67
Suppose -570 = -36*a + 17*a.